late the remainder when 17 is divided by (-6)/15 - 27/r.
2
Suppose 4*y - 5 = 2*z - 3, z + 6 = 3*y. Calculate the remainder when 24 is divided by z.
6
Suppose -u - 1 = -3*f + 2*f, -3*u = 9. Let o(m) = -2*m**3 + m**2 + m - 2. Let y = -16 + 25. Calculate the remainder when o(f) is divided by y.
7
Let y = 14 - 9. Calculate the remainder when 8 is divided by y.
3
Suppose 0 = -5*b - 5, 4*b - 105 + 46 = -3*n. Calculate the remainder when (-2)/9 + ((-1956)/(-54) - -4) is divided by n.
19
Let v(x) = x**2 + 3*x - 11. What is the remainder when 9 is divided by v(-6)?
2
Let g(r) = -r**2 + 18*r + 1. What is the remainder when 70 is divided by g(17)?
16
Let w = 50 - 2. Calculate the remainder when w is divided by 17.
14
Let w(b) be the second derivative of b**5/20 + 7*b**4/12 + 7*b**3/6 + 7*b**2/2 + 9*b. Calculate the remainder when 3 is divided by w(-6).
0
Let q = -4 - -8. Suppose -3*f = 4*t - 7*t - 69, q*f = -4*t + 52. Let y = 241 + -231. Calculate the remainder when f is divided by y.
8
Suppose -2*c + 3*s = -25, 3*c + c = -3*s + 5. Let y be (0 - 1) + (2 - -5). Suppose -6 = -4*a + y. What is the remainder when c is divided by a?
2
Let i(m) = m + 6. Let d be i(-3). Calculate the remainder when 32 + d + -4 + 4 is divided by 12.
11
Let h(r) = 6*r**2 - 1. Let i be h(1). Suppose i = -f + 20. Calculate the remainder when 29 is divided by f.
14
Suppose 9*t - 6*t + 107 = 5*l, 0 = -3*t + 3. What is the remainder when 152 is divided by l?
20
Suppose r - 29 = 3. Calculate the remainder when r is divided by 8.
0
Let o = 138 + -110. Let s(j) be the first derivative of 3*j**2/2 + j + 1. Calculate the remainder when o is divided by s(3).
8
Let c(h) = h**3 + 6*h**2 + h - 5. Let v be (5 - 7)*10/4. What is the remainder when 43 is divided by c(v)?
13
Let g(m) = -2*m**2 + m**2 + 2*m + 2 - 4 - 4*m + m**3. What is the remainder when g(4) is divided by 13?
12
Let m(v) = v**2 - v - 2. Let n be m(4). Suppose 2*i = -n, 3*s - 7*i = -3*i + 56. Calculate the remainder when 35 is divided by s.
11
Let j(i) = i**3 + 7*i**2 + 5*i - 1. Calculate the remainder when j(-5) is divided by 14.
10
Let r(q) = 11*q + 1. Let o be r(-3). Let l be 9/2*80/(-6). Let f = o - l. What is the remainder when f is divided by 15?
13
Suppose 4*n - 305 - 23 = 0. Suppose -3*t = -8*t + 3*x + 205, 0 = -2*t - 4*x + n. Calculate the remainder when t is divided by 14.
13
Let b = -167 + 246. What is the remainder when b is divided by 9?
7
Let i = 169 + -105. Calculate the remainder when i is divided by 22.
20
Suppose -2*v + 5 + 3 = 0. Suppose -2*w - 18 = -v*w. Let b(x) = 3*x + 5. What is the remainder when b(4) is divided by w?
8
Let c = 2 - -5. Suppose -c*u = -3*u - 216. Suppose 0 = -3*l + l + u. What is the remainder when l is divided by 14?
13
Let m be (-14 + 17)/((-2)/(-2)). Let h = 9 - m. Calculate the remainder when 21 is divided by h.
3
Suppose 6*l + 364 = 13*l. Calculate the remainder when l is divided by 8.
4
Calculate the remainder when (-10)/(2/(-8)*2) is divided by 7.
6
Calculate the remainder when 4/(-14) - 5/(105/(-2232)) is divided by 22.
18
Let i(p) = -p**3 - 6*p**2 + p + 6. Let o be i(-6). Suppose 0 = -o*t - 4*t + n + 154, 5*n - 88 = -2*t. Calculate the remainder when t is divided by 14.
11
Let j(w) = w**2 + 6*w - 2. Let s be j(-7). Suppose 0 = s*p - 2*p - 54. Calculate the remainder when 70 is divided by p.
16
Let t(z) = -z**3 + 4*z**2 + 2*z - 2. Calculate the remainder when 5/10*(-148)/(-2) is divided by t(3).
11
Let n = 17 + -11. Calculate the remainder when n is divided by 3.
0
Suppose -9*c = -5*c + 64. Let h = c - -29. Calculate the remainder when 49 is divided by h.
10
Let s = -8 - -11. Suppose 0 = -g - 2*g + 5*i + 13, -5*g + 11 = -s*i. What is the remainder when g is divided by 1?
0
Suppose 0 = 2*k - b - 3, 2*k - 4*b = k - 9. Calculate the remainder when 70/6 + (-2)/3 is divided by 2/k + (-32)/(-6).
5
Let u be (-2)/(-3) + (-4)/(-3). Suppose 16 = u*b - 30. Suppose 45 = 6*t - 3. Calculate the remainder when b is divided by t.
7
Let b = 140 + -89. Suppose 0*w - 18 = -w. Calculate the remainder when b is divided by w.
15
Suppose -75 - 41 = -p. Suppose 5*r = -3*o + p, -38 = -2*r - o + 8. Suppose -3*d + 8 + r = 0. Calculate the remainder when d is divided by 4.
2
Let w = 31 - 18. What is the remainder when 25 is divided by w?
12
Let f(d) = -d**2 + 6. Let h be f(0). Suppose a = h*a - 30. Suppose 2*w - a = w. Calculate the remainder when w is divided by 4.
2
Let u(n) = n**3 + 9*n**2 + 9*n + 7. Let k be u(-7). Suppose 16 = 4*m, -m - k = -2*z - 6. What is the remainder when 59 is divided by z?
19
Suppose -5*y + 60 = -y. Suppose -y - 6 = -3*m. Calculate the remainder when 20 is divided by m.
6
Calculate the remainder when 18/45 - 926/(-10) is divided by 19.
17
Suppose -5 = -2*m + 7. What is the remainder when 17 is divided by m?
5
Suppose -2*p + 0*p + 14 = 0. Suppose -5*c - p = -22. Calculate the remainder when c/1*5/5 is divided by 2.
1
Suppose 0 = 29*g - 26*g - 24. What is the remainder when 23 is divided by g?
7
Let b = 6 + -10. Let x(m) = m**3 + 3*m**2 - 6*m - 1. What is the remainder when x(b) is divided by 4?
3
Let r(f) = -4*f**2 + 13*f - 12. Let l(q) = 3*q**2 - 13*q + 13. Let d(m) = 5*l(m) + 4*r(m). Calculate the remainder when 10 is divided by d(-14).
1
Let x = 41 - 14. What is the remainder when 75 is divided by x?
21
Let o be -3 + (-1 + 3 - -3). Let y be (o/4)/(7/(-84)). Calculate the remainder when (y - -5) + 25 + -1 is divided by 12.
11
Let f = 19 - -4. What is the remainder when 90 is divided by f?
21
Let o = 31 - -15. Suppose 2*u = -5*y + 52, -y = 5*u - 2*u. What is the remainder when o is divided by y?
10
Suppose 3*o - 33 = -0*o. Let m be 3/((-6)/8)*-1. Suppose 5*z - 3*p = -2*p + 158, 143 = 5*z + m*p. Calculate the remainder when z is divided by o.
9
Let i be (7/(-21))/((-2)/24). Suppose -169 = -2*b + 5*s, 2*b - 162 = i*s + 8. Calculate the remainder when b is divided by 22.
21
Let y = -15 + 28. Suppose -2*f + 3 + 76 = -3*s, -74 = -2*f - 2*s. Calculate the remainder when f is divided by y.
12
Suppose 0 = -0*j - j + 4. Suppose -57 = -3*o - 3*t, 0*o - j*o + 61 = t. What is the remainder when o is divided by 8/(-28) - ((-232)/28 + 0)?
6
Let w be -8 - -6 - -2*10. Suppose -x + 2*x - w = 0. Calculate the remainder when 35 is divided by x.
17
Suppose n - 2*w - 8 = 0, -2*w = -n - n + 20. Calculate the remainder when n is divided by 3.
0
Let p(c) = -c**3 - 13*c**2 - 23*c - 2. What is the remainder when 15 is divided by p(-11)?
6
Let v be (-52)/14 + (-2)/7. Calculate the remainder when 40*(-6)/v + -3 is divided by 15.
12
Let p = 50 - 10. Let t = p + -15. Suppose 2*r - 5*z = 13, -2*r = 3*r + 5*z - 50. Calculate the remainder when t is divided by r.
7
Suppose -17 = -a + 12. Let f = -23 + 5. Calculate the remainder when a is divided by 3/2*-2 - f.
14
Suppose 5*s + 4*y = 80, s - 32 = -2*y - 2*y. Calculate the remainder when 23 is divided by s.
11
Suppose 6*s - 140 = s. Suppose 2*x + 8 = s. Calculate the remainder when 30 is divided by (-108)/(-14) + x/35.
6
Suppose -5*p = -3*k - 40, 2*k - 5 + 37 = 4*p. Let h(r) = -3*r**3 - r - 1. Let u be (-26)/22 + (-4)/(-22). What is the remainder when p is divided by h(u)?
2
What is the remainder when 34 - ((-12)/42 - 19/7) is divided by 10?
7
Let b = -1 - -5. Suppose -3 = -5*t + 12. What is the remainder when b is divided by t?
1
Let o = 39 - 25. Let s(l) = 9*l - 344. Calculate the remainder when s(41) is divided by o.
11
Let o be (1 + -5)*2/(-4). Suppose 2*l + 1 = 7, -o*j = -4*l. Calculate the remainder when j is divided by 3.
0
Let v = 20 - 1. What is the remainder when v is divided by 5?
4
Let s = 72 - 40. Calculate the remainder when 93 is divided by s.
29
Suppose -2*z + 8 = -0*z. Suppose -63 = c - z*c. Suppose 2*u - 9 = 71. Calculate the remainder when u is divided by c.
19
Suppose -52*p - 6 = -50*p. Let h = -2 + 4. What is the remainder when (p - -5)/((-1)/(-2)) is divided by h?
0
Let l = 167 + -128. What is the remainder when l is divided by 20?
19
What is the remainder when 11 is divided by -3 + 10 + (-6 - -3)?
3
Let j(z) = z**3 - 7*z**2 + 11*z - 8. Calculate the remainder when j(6) is divided by 12.
10
Let l be 7/(-28) + (-42)/(-8). Suppose 3*x + 16 = 4*d, 2*d + l*x - 8 + 0 = 0. Calculate the remainder when 10 is divided by d.
2
Suppose 2*b - 10 = 2*r 